e 10, what is 7870338 + 0?
7870338
In base 3, what is 200 + -1120001000022?
-1120000222122
In base 3, what is 10200002022 - 102110?
10122122212
In base 11, what is -2936560 - 3?
-2936563
In base 3, what is 202 + -110220212200222?
-110220212200020
In base 11, what is 152537 + -21a?
152318
In base 3, what is 21 + -10110221222020010?
-10110221222012212
In base 8, what is 5 - -46420460?
46420465
In base 9, what is 1 - 28586567?
-28586566
In base 16, what is 137 + -6572?
-643b
In base 8, what is -4 + 105742051?
105742045
In base 5, what is -2200021 + 3004?
-2142012
In base 6, what is 21 - 145442?
-145421
In base 8, what is -622577441 - -1?
-622577440
In base 16, what is 337db3 - -3?
337db6
In base 2, what is -101001100 - -110100010101011001?
110100010000001101
In base 16, what is 3 + -3d7158?
-3d7155
In base 10, what is -20412612 + -14?
-20412626
In base 6, what is 30131 - -15041?
45212
In base 12, what is 36b6105 + -4?
36b6101
In base 12, what is -24a760 + 1247?
-249515
In base 14, what is -a1b + -1215c?
-12b79
In base 2, what is -1001000100111101 + -1111001101?
-1001010100001010
In base 5, what is -102113104 - 10?
-102113114
In base 10, what is -1110 + 1583?
473
In base 3, what is 1101121111202 - -221?
1101121112200
In base 9, what is -8040 + 1527?
-6412
In base 11, what is 175314 - 299?
175026
In base 8, what is -1543773 + -332?
-1544325
In base 3, what is 110 - -2122200110201?
2122200111011
In base 12, what is 371 + -3371?
-3000
In base 16, what is 1630def + 0?
1630def
In base 14, what is 55602c - -28d?
5562bb
In base 8, what is 12722273 + -23?
12722250
In base 9, what is 762402 + -25?
762366
In base 7, what is 1304 + 36423?
41030
In base 7, what is -231425 + -52232?
-313660
In base 12, what is 2 + -669b74b2?
-669b74b0
In base 13, what is -a4 - 8ba9?
-8c80
In base 2, what is 101 - 10111110111001111110100001?
-10111110111001111110011100
In base 4, what is -12330212213 - 211?
-12330213030
In base 10, what is -302 + -28956?
-29258
In base 15, what is -66 + 75782?
7571b
In base 4, what is -1102 + 130002121013?
130002113311
In base 12, what is -477 + -25576?
-25a31
In base 10, what is 2 + 7734759?
7734761
In base 10, what is 2061 - -9263?
11324
In base 14, what is b7 - -1cd033?
1cd10a
In base 8, what is 0 - -3443735?
3443735
In base 16, what is eaf + -1e71?
-fc2
In base 10, what is -1030889 + 10?
-1030879
In base 10, what is -11 + -4651045?
-4651056
In base 6, what is 103 + -4322131?
-4322024
In base 9, what is -13546 - -82868?
68322
In base 16, what is 928877 - -b?
928882
In base 9, what is -2 + -43555366?
-43555368
In base 10, what is -32064698 + -4?
-32064702
In base 10, what is -4 - -23317607?
23317603
In base 8, what is -20 + 160677?
160657
In base 9, what is 636407 - 253?
636144
In base 7, what is -204 + -3640251?
-3640455
In base 3, what is -221211010 - 1000021121?
-1222002201
In base 7, what is -1 - 1424666032?
-1424666033
In base 11, what is 16a5078 + -158?
16a4a20
In base 4, what is -211200312 - 1212?
-211202130
In base 14, what is -5 + b2a4ac?
b2a4a7
In base 4, what is 2 + 11010030221020?
11010030221022
In base 14, what is 8bc + 76?
954
In base 11, what is -2a918794 + -5?
-2a918799
In base 7, what is 4 - 262615565?
-262615561
In base 9, what is -7307 - 8336?
-16644
In base 3, what is -10012 + -10021100011?
-10021110100
In base 12, what is 5 + -3675925?
-3675920
In base 6, what is -2053 + -233142?
-235235
In base 6, what is 451202020 - -223?
451202243
In base 8, what is 5 + -5404572?
-5404565
In base 15, what is 69a8 + -1c51?
4c57
In base 14, what is 7 - ac9ad?
-ac9a6
In base 15, what is 419 + 4c34a?
4c764
In base 6, what is 3 - 1020302213?
-1020302210
In base 13, what is ca3218 - -4?
ca321c
In base 6, what is 2243131 + 3404?
2250535
In base 12, what is -20 - -42928?
42908
In base 6, what is -401 + 113551144?
113550343
In base 7, what is 23310626 + -22?
23310604
In base 2, what is -10 + 1001001001011101100101110101?
1001001001011101100101110011
In base 5, what is -10 - -21133102142?
21133102132
In base 13, what is -4673b8 - -17?
-4673a1
In base 13, what is -7c42a96 - 4?
-7c42a9a
In base 16, what is -33dcb4 + 19?
-33dc9b
In base 11, what is -2470a64 - 7?
-2470a70
In base 2, what is 10010100111100101111011 - -10100100?
10010100111101000011111
In base 3, what is -120120 - -10111021212210?
10111021022020
In base 6, what is -4 + -142151300?
-142151304
In base 7, what is 43266 - 60414?
-14115
In base 14, what is -3 - -28908d?
28908a
In base 15, what is -5 + -324a2e?
-324a34
In base 9, what is -24530 - -1014?
-23515
In base 8, what is -1 + -1302664232?
-1302664233
In base 9, what is -42567883 - 5?
-42567888
In base 7, what is 250212320 - 1?
250212316
In base 16, what is 2694c - 103b?
25911
In base 15, what is -5 - 29c80b?
-29c811
In base 3, what is -221212200 - -12201?
-221122222
In base 6, what is 111 + 1511541320?
1511541431
In base 10, what is -3 - 109025698?
-109025701
In base 12, what is -23b27880 - 2?
-23b27882
In base 8, what is 5201 + -2604?
2375
In base 14, what is -12367 + 1c16?
-10551
In base 6, what is -103343 + 40212?
-23131
In base 3, what is -10 - -1102220210210022?
1102220210210012
In base 3, what is -221020011 + -102200?
-221122211
In base 12, what is 9 + 1738939?
1738946
In base 8, what is 65633740 + 0?
65633740
In base 9, what is -48268 - 3384?
-52663
In base 4, what is 1131 + 230131022?
230132213
In base 14, what is 56 - -35d35?
35d8b
In base 4, what is -13313311310 - 120?
-13313312030
In base 10, what is -235309 - -3?
-235306
In base 2, what is 1110010110011001001011011011 - 1?
1110010110011001001011011010
In base 5, what is 143313430113 + 4?
143313430122
In base 10, what is 1 + 3993431?
3993432
In base 14, what is -4 + 37706a?
377066
In base 4, what is 1220211032022 - -2?
1220211032030
In base 2, what is -1111 + -10000000011001011110?
-10000000011001101101
In base 6, what is 2350 + 24554242?
25001032
In base 9, what is -3 - 233037?
-233041
In base 12, what is -33 + -1ba5438?
-1ba546b
In base 11, what is -13639635 + -4?
-13639639
In base 9, what is -1173137 + 218?
-1172818
In base 11, what is 1 + -19a953?
-19a952
In base 2, what is 100100001111110001110 + 10010111?
100100010000000100101
In base 10, what is 9 + -7760021?
-7760012
In base 6, what is 52444154430 + -1?
52444154425
In base 15, what is 51 + -1e686?
-1e635
In base 9, what is 1 + -135768667?
-135768666
In base 7, what is 120164432 - -2?
120164434
In base 15, what is -a92 - 18198?
-18c3a
In base 15, what is -11830c9 - -10?
-11830b9
In base 12, what is 2540aa2 + -11?
2540a91
In base 9, what is -87 - 350641?
-350738
In base 13, what is -4b3a3 - 9c?
-4b472
In base 2, what is 1111100011011011101110 - 100?
1111100011011011101010
In base 7, what is -156 + 10444?
10255
In base 8, what is 30606141 + 3?
30606144
In base 3, what is 10120002 + 21020222212?
21101112221
In base 9, what is -5 + 117041?
117035
In base 5, what is 234122 + -20344?
213223
In base 15, what is -1d26 - -eae?
-d67
In base 8, what is -5 - -264540053?
264540046
In base 5, what is 10224023 - -111434?
10341012
In base 8, what is 157512 + -21317?
136173
In base 11, what is 6 - -1098090?
1098096
In base 8, what is -7507 + -13444?
-23153
In base 15, what is 1b420 + 1956?
1cd76
In base 10, what is 10038 - 4102?
5936
In base 13, what is -19a82 + 43?
-19a3c
In base 4, what is -112300201103 - 131?
-112300201300
In base 8, what is 75141 - -467?
75630
In base 8, what is 4602 - 11121?
-4317
In base 11, what is -226 + 191500?
191285
In base 6, what is -21 + 1402324445?
1402324424
In base 3, what is 1010 - 2010110001110?
-2010110000100
In base 14, what is -19 + 130a43d?
130a424
In base 13, what is -26 + 1b2653?
1b262a
In base 9, what is 68583704 - 0?
68583704
In base 2, what is -101100000001 - 10101011111010?
-11010111111011
In base 15, what is 57e0942 + -2?
57e0940
In base 6, what is -23125 + -111332?
-134501
In base 2, what is -100000110111 + -100111001000110010?
-100111101001101001
In base 10, what is -4826 - -3631?
-1195
In base 15, what is -e76 - -2a3be?
29448
In base 8, what is -417023410 - 4?
-417023414
In base 15, what is 126 + -2463?
-233c
In base 5, what is 101 + -1101030303?
-1101030202
In base 4, what is 1020 - -331021323?
331023003
In base 10, what is -7397606 - -14?
-7397592
In base 15, what is -20 + a4